0
Convert 232 (base 7) to base 3.
11111
112 (base 6) to base 8
54
Convert 41 (base 8) to base 3.
1020
2c (base 15) to base 5
132
What is -60 (base 14) in base 6?
-220
-1 (base 5) to base 2
-1
-46 (base 9) to base 6
-110
-20 (base 11) to base 7
-31
What is -155 (base 12) in base 10?
-209
Convert 1 (base 16) to base 2.
1
-26 (base 12) to base 4
-132
Convert 12 (base 16) to base 13.
15
Convert -73 (base 9) to base 15.
-46
10 (base 11) to base 6
15
-13 (base 5) to base 9
-8
1011000 (base 2) to base 14
64
Convert 0 (base 7) to base 6.
0
What is 10 (base 2) in base 7?
2
What is 128 (base 11) in base 2?
10010111
0 (base 12) to base 5
0
7 (base 14) to base 5
12
9 (base 13) to base 15
9
What is -1010 (base 2) in base 14?
-a
-1 (base 2) to base 7
-1
What is -332 (base 5) in base 9?
-112
-8 (base 11) to base 6
-12
What is -11 (base 3) in base 2?
-100
-52 (base 9) to base 5
-142
-1002 (base 3) to base 7
-41
-1 (base 7) to base 14
-1
Convert -5 (base 14) to base 5.
-10
Convert 3e (base 16) to base 10.
62
1 (base 16) to base 13
1
What is -21022 (base 3) in base 6?
-525
What is -1 (base 11) in base 16?
-1
-30 (base 13) to base 10
-39
Convert -1 (base 6) to base 3.
-1
11 (base 2) to base 10
3
Convert -c (base 15) to base 13.
-c
Convert 2 (base 9) to base 12.
2
Convert 1c (base 15) to base 6.
43
What is 12 (base 3) in base 15?
5
30 (base 4) to base 8
14
-153 (base 6) to base 10
-69
Convert -32 (base 9) to base 8.
-35
What is -202 (base 8) in base 12?
-aa
What is 11 (base 2) in base 4?
3
What is d (base 15) in base 11?
12
What is 165 (base 11) in base 10?
192
-212 (base 3) to base 4
-113
-10111 (base 2) to base 10
-23
1101 (base 2) to base 16
d
What is -14 (base 14) in base 16?
-12
What is 203 (base 5) in base 14?
3b
What is 8 (base 10) in base 7?
11
Convert 110 (base 2) to base 10.
6
What is 2 (base 13) in base 10?
2
What is 2 (base 5) in base 7?
2
What is 372 (base 8) in base 14?
13c
What is -33 (base 11) in base 3?
-1100
209 (base 12) to base 11
250
Convert 7 (base 15) to base 6.
11
-204 (base 7) to base 5
-402
Convert 23 (base 10) to base 15.
18
What is 157 (base 9) in base 10?
133
11 (base 6) to base 2
111
Convert 26 (base 9) to base 16.
18
What is 5 (base 8) in base 4?
11
74 (base 16) to base 6
312
Convert 12 (base 13) to base 3.
120
-1000100 (base 2) to base 8
-104
Convert 26 (base 7) to base 5.
40
What is 10013 (base 4) in base 12?
19b
-5 (base 13) to base 10
-5
What is 20 (base 16) in base 8?
40
What is -5 (base 8) in base 3?
-12
-114 (base 7) to base 15
-40
10000 (base 2) to base 10
16
What is 152 (base 6) in base 9?
75
Convert 2 (base 16) to base 4.
2
Convert 40 (base 5) to base 7.
26
Convert -316 (base 10) to base 11.
-268
What is 25 (base 9) in base 4?
113
What is -311 (base 4) in base 16?
-35
-14 (base 5) to base 11
-9
-2121 (base 3) to base 12
-5a
What is -9 (base 10) in base 3?
-100
Convert -16 (base 16) to base 8.
-26
Convert -16 (base 10) to base 5.
-31
What is -20 (base 10) in base 13?
-17
Convert -c2 (base 16) to base 10.
-194
Convert 11 (base 16) to base 2.
10001
3 (base 15) to base 11
3
What is -9 (base 14) in base 8?
-11
What is 223 (base 4) in base 7?
61
-423 (base 8) to base 3
-101012
1 (base 14) to base 3
1
Convert -54 (base 6) to base 11.
-31
What is 2001 (base 4) in base 14?
93
36 (base 13) to base 16
2d
Convert 4 (base 11) to base 5.
4
-13b (base 12) to base 11
-164
0 (base 10) to base 8
0
What is -43 (base 6) in base 10?
-27
Convert 24 (base 8) to base 9.
22
Convert 221 (base 5) to base 4.
331
-12 (base 9) to base 16
-b
Convert b (base 16) to base 9.
12
-14 (base 10) to base 16
-e
7 (base 14) to base 5
12
What is -9b (base 15) in base 16?
-92
-23 (base 4) to base 6
-15
130 (base 8) to base 10
88
-1011101 (base 2) to base 9
-113
Convert -119 (base 11) to base 9.
-166
2 (base 14) to base 13
2
What is -7a (base 14) in base 4?
-1230
Convert -10101 (base 2) to base 15.
-16
Convert -1 (base 9) to base 11.
-1
-4 (base 12) to base 13
-4
135 (base 7) to base 5
300
What is -a (base 15) in base 9?
-11
-1 (base 14) to base 16
-1
Convert 2244 (base 5) to base 6.
1300
What is -122 (base 9) in base 5?
-401
Convert 10310 (base 4) to base 8.
464
37 (base 8) to base 7
43
101 (base 3) to base 6
14
What is 101111 (base 2) in base 13?
38
5 (base 7) to base 10
5
What is -b (base 13) in base 3?
-102
What is 176 (base 15) in base 9?
413
Convert -1 (base 6) to base 11.
-1
What is 1101100 (base 2) in base 16?
6c
Convert -26 (base 10) to base 15.
-1b
What is -b3 (base 16) in base 11?
-153
88 (base 14) to base 15
80
What is -3 (base 5) in base 6?
-3
What is -35 (base 14) in base 3?
-1202
Convert -7 (base 16) to base 2.
-111
4 (base 11) to base 7
4
-36 (base 9) to base 5
-113
What is 51 (base 8) in base 13?
32
-73 (base 8) to base 7
-113
13 (base 4) to base 2
111
Convert 8 (base 11) to base 12.
8
What is -225 (base 6) in base 2?
-1011001
What is -222 (base 4) in base 8?
-52
Convert 4 (base 6) to base 16.
4
Convert -2b (base 14) to base 10.
-39
What is 6b (base 15) in base 12?
85
Convert 17 (base 11) to base 4.
102
What is 4 (base 9) in base 11?
4
Convert -32 (base 16) to base 13.
-3b
Convert -54 (base 14) to base 7.
-134
11 (base 8) to base 16
9
11101001 (base 2) to base 4
3221
Convert -10 (base 5) to base 9.
-5
Convert 33 (base 9) to base 8.
36
-41 (base 9) to base 7
-52
52 (base 15) to base 3
2212
What is -95 (base 14) in base 5?
-1011
2 (base 8) to base 5
2
Convert -204 (base 5) to base 12.
-46
What is c6 (base 13) in base 6?
430
Convert 1001 (base 2) to base 10.
9
Convert 5 (base 10) to base 16.
5
What is 12 (base 11) in base 6?
21
Convert -4 (base 11) to base 16.
-4
Convert 56 (base 13) to base 6.
155
What is 77 (base 13) in base 4?
1202
What is 3 (base 13) in base 14?
3
What is 12 (base 4) in base 2?
110
-110011000 (base 2) to base 6
-1520
Convert -5 (base 13) to base 2.
-101
What is 7 (base 10) in base 2?
111
-3 (base 16) to base 6
-3
What is 3 (base 7) in base 5?
3
Convert -1 (base 7) to base 2.
-1
What is 79 (base 14) in base 8?
153
22 (base 7) to base 11
15
What is 3 (base 5) in base 9?
3
100 (base 2) to base 14
4
Convert -154 (base 10) to base 12.
-10a
Convert -1 (base 8) to base 13.
-1
Convert -110212 (base 3) to base 15.
-182
Convert -1 (base 14) to base 7.
-1
6 (base 13) to base 10
6
Convert 48 (base 9) to base 14.
32
-3 (base 7) to base 11
-3
Convert 2 (base 16) to base 3.
2
Convert 100111 (base 2) to base 6.
103
What is 111010 (base 2) in base 12?
4a
-12200 (base 3) to base 10
-153
-20 (base 3) to base 2
-110
0 (base 10) to base 3
0
What is 12 (base 5) in base 2?
111
32 (base 14) to base 3
1122
Convert 42 (base 8) to base 15.
24
What is a (base 15) in base 5?
20
12 (base 8) to base 12
a
What is 5 (base 6) in base 10?
5
What is -25 (base 10) in base 6?
-41
What is -6 (base 7) in base 2?
-110
What is -111 (base 6) in base 11?
-3a
What is -11 (base 10) in base 7?
-14
What is -4e (base 16) in base 13?
-60
Convert -24 (base 9) to base 6.
-34
What is 5 (base 6) in base 4?
11
12 (base 3) to base 2
101
-2010 (base 3) to base 8
-71
Convert 31 (base 8) to base 14.
1b
What is -35 (base 7) in base 12?
-22
What is 2a (base 12) in base 5?
114
Convert 1001 (base 2) to base 14.
9
26 (base 15) to base 7
51
a (base 15) to base 14
a
-110 (base 2) to base 6
-10
Convert 163 (base 8) to base 10.
115
Convert -111 (base 2) to base 4.
-13
-104 (base 7) to base 11
-49
What is -105 (base 11) in base 13?
-99
What is 31 (base 5) in base 12?
14
Convert -1 (base 6) to base 7.
-1
-4 (base 10) to base 15
-4
100 (base 3) to base 14
9
7 (base 16) to base 7
10
Convert 103 (base 7) to base 3.
1221
Convert 15 (base 12) to base 13.
14
Convert -10 (base 12) to base 15.
-c
What is 11011000 (base 2) in base 15?
e6
Convert -100 (base 5) to base 16.
-19
What is 11 (base 15) in base 13?
13
30 (base 5) to base 8
17
What is -10 (base 7) in base 9?
-7
What is 10 (base 11) in base 2?
1011
What is -10 (base 14) in base 15?
-e
Convert 5 (base 15) to base 10.
5
What is -1000 (base 2) in base 16?
-8
What is 26 (base 11) in base 7?
40
What is 5 (base 13) in base 7?
5
What is -2 (base 15) in base 2?
-10
Convert -250 (base 7) to base 14.
-97
323 (base 7) to base 16
a4
What is b (base 14) in base 13?
b
120 (base 4) to base 6
40
Convert 0 (base 12) to base 16.
0
1e (base 16) to base 6
50
10 (base